ommon divisor of d and l?
1
Let g = 88 + -72. Let x be (5/(-10))/((-1)/8). Suppose 170 = x*a + 2*l, 0 = -2*l - 1 + 11. What is the highest common factor of g and a?
8
Let k(c) = -4*c**3 - 4*c**2 + 5*c + 17. Let b be k(-3). Calculate the highest common divisor of 185 and b.
37
Suppose -3*s = -0*s - 462. Let a be 430/30 - (-2)/(-6). What is the greatest common divisor of a and s?
14
Let q(y) = -y**3 - 40*y**2 - 31*y + 384. Let g be q(-39). What is the highest common factor of g and 72?
72
Suppose 2*h = -3*g - 0*g + 170, 2*h - 290 = -5*g. Let w be (3 - 0)*5*1. Let l be w*(-1)/((-6)/4). Calculate the greatest common factor of l and g.
10
Let b be 3/(-3) + 2 + 0. Let u be (-16)/8*b*(-5)/2. Suppose -3*s - 10 = -40. Calculate the greatest common factor of s and u.
5
Let i be ((-6)/4)/((-1)/10). Let z(c) = -6*c + 49. Let v be z(5). Let s(h) = 3*h - 54. Let k be s(v). What is the greatest common factor of i and k?
3
Let n be (-4)/(-6)*12 + -3. Suppose 4*r + 26 = 5*s, 3*r = n*s - 11 - 11. Let z = 21 - s. What is the greatest common divisor of z and 19?
19
Let b = 108 - 64. Suppose -3 - 11 = -2*s. Suppose m = s - 3. What is the highest common factor of m and b?
4
Suppose 3*b = 4*b + 17. Let f = b - -41. Suppose -5*s + 120 = -3*s. What is the greatest common divisor of s and f?
12
Let c(g) = 2*g - 21. Let o be c(13). Suppose 2*h - 4*f + 18 = 0, -21 = -h - 5*f + o. Calculate the greatest common factor of h and 2.
1
Suppose -p + 2 + 0 = 0. Suppose 0 = -p*d + 6 - 28. Let h = 21 + d. Calculate the greatest common factor of h and 30.
10
Let p = 0 + 3. Suppose -167 = -p*w - t, 3*t + 26 = -w + 95. Suppose w = f - 162. Calculate the greatest common divisor of f and 27.
27
Let q be (342/(-4))/(34/(-68)). Calculate the highest common divisor of 19 and q.
19
Let z be (-38)/4*-4*-1. Let t = z - -89. Let n = t + -3. Calculate the greatest common divisor of n and 24.
24
Let b(k) = -8*k**2 - 10 - 13*k**3 + 6*k - 16*k + 12*k**3. Let m be b(-7). Let l = 101 - -20. Calculate the greatest common divisor of m and l.
11
Let r(v) = -2*v - 7. Let h be r(-6). Let w = 151 + -134. Let s(n) = -n**2 + 14*n + 52. Let l be s(w). What is the highest common factor of h and l?
1
Let n be ((-46)/1)/((-336)/(-68) - 5). Calculate the highest common factor of n and 92.
46
Let a(z) = -18*z - 6. Let i be a(-7). Suppose 0 = -3*l + 2*h + i, -3*l = -4*h - h - 120. Suppose -3*k + l = -32. Calculate the highest common factor of 8 and k.
8
Let d(b) = -41*b**3 + b**2 + 4*b + 3. Let j be d(-1). What is the highest common factor of j and 656?
41
Let j be 6 + 6/9*-6. Suppose 2*r - 4*b = 158, 3*r = -j*r - 4*b + 381. What is the greatest common divisor of r and 7?
7
Suppose 2*o = 2, -5*o - 32 - 7 = -2*q. Suppose -21*h + 176 = -5*h. Calculate the highest common factor of h and q.
11
Let y(j) = -j - 8. Let s be y(-12). Let q = -1 + s. Suppose -160 = -5*g + 5*a, 0*g - 104 = -q*g + a. Calculate the greatest common divisor of g and 9.
9
Let w(k) = 2*k - 10. Let x be w(7). Suppose 48 = -o - x*b, -5*b - 61 = 2*o + 32. Let c = o - -62. What is the greatest common divisor of c and 144?
18
Suppose 0*k + r + 73 = 3*k, -3*r = -k + 11. Let y be 2/(-5) + 180/(-50) + 113. Suppose b = 395 - y. Calculate the greatest common factor of b and k.
26
Let s(y) = y**3 + 3*y + 5. Let a be s(4). Calculate the greatest common divisor of a and 45.
9
Let w(h) = h**3 - 10*h**2 + 2*h + 3. Let s be w(12). What is the highest common factor of s and 126?
63
Suppose -18 = -3*i - 0*i. Let h(j) = 6*j - 7. Let u be h(i). Suppose 0 = -6*b + 10*b - 116. Calculate the greatest common factor of b and u.
29
Suppose n - 5 = -1. Suppose -5*y + 4*b + 108 = 0, 14*b + 22 = y + 13*b. What is the highest common factor of n and y?
4
Suppose -4*h - 559 = -23*m + 18*m, 226 = 2*m - h. Calculate the highest common divisor of 5 and m.
5
Let p = -10 + 38. Let f = -58 + 81. Let l = -16 + f. Calculate the highest common divisor of p and l.
7
Suppose 0*o - 142 = -2*o - 5*t, -4*o + 260 = -2*t. What is the greatest common factor of o and 165?
33
Let j(o) = -2*o. Let a be j(2). Let r be (-2)/(-4) + (-6)/a. Let b(n) = 6*n**2 + n - 1. Let h be b(r). What is the highest common divisor of 150 and h?
25
Let h(q) = 149*q**3 + 2*q - 1. Let u be h(1). Calculate the greatest common factor of u and 225.
75
Let i(r) be the second derivative of -r**5/20 + 7*r**4/12 - 4*r**3/3 + 7*r**2 + 2*r + 1. Let d be i(6). What is the highest common factor of d and 32?
2
Let s be (-3)/3*1 - -9. Suppose -z = -4*z - x + s, 0 = -3*z + 5*x - 4. Suppose -112 = -z*b - 0*b. Calculate the highest common factor of 14 and b.
14
Suppose 8*n - 143 = -5*n. What is the highest common factor of 88 and n?
11
Suppose -25 = -g + 3*p, 0 = g + 4*p + 4 - 64. Calculate the greatest common factor of 120 and g.
40
Let o = 87 - 64. Let j(z) = 162*z - 1. Let u be j(1). Calculate the highest common divisor of u and o.
23
Let d = -170 - -535. Suppose 4*i = -i + d. Suppose -i = -2*p + 147. What is the highest common divisor of p and 22?
22
Suppose 0 = -215*v + 217*v - 6. Calculate the greatest common factor of v and 4.
1
Let a be (-4)/18 - 368/(-36). Let g = -48 - -58. Calculate the highest common factor of g and a.
10
Let n(p) = 9*p**2 - 2*p - 1. Let i be n(-1). Let t(o) = -o + 12. Let m be t(i). Suppose 0 = m*z + 16 - 106. Calculate the highest common factor of z and 5.
5
Let b be (-2)/3 + (-70)/(-6). Suppose 0 = -3*t - 3. Let o(f) = -43*f**3 + 2*f**2 - 1. Let z be o(t). What is the highest common factor of b and z?
11
Let k(g) = g**3 + 4*g**2 - 2*g - 2. Let y be k(-4). Let o = -1 - y. Let t be (16/3)/(o/(-105)). Calculate the highest common divisor of t and 16.
16
Let r = -129 - -50. Let o = 133 + r. Calculate the greatest common divisor of 6 and o.
6
Let a(i) = i - 22. Let d be a(34). What is the highest common factor of 8 and d?
4
Let x = 164 + -124. Let l = x + -27. Suppose -3*k = m - 2*m - 43, -2*k - 4*m = -10. What is the highest common factor of k and l?
13
Let x = -124 - -148. Let t = 27 + -15. Calculate the greatest common divisor of t and x.
12
Let q(j) be the second derivative of j**4/6 + 2*j**3/3 + j**2 - 3*j. Let v = 1 - 3. Let r be q(v). Calculate the greatest common divisor of 2 and r.
2
Let q = 15 + -5. Let i = 14 - q. Suppose 0 = l + 2 - 30. What is the highest common divisor of l and i?
4
Suppose 12*y = 875 + 3265. What is the greatest common factor of 483 and y?
69
Let w(t) = t**3 + 9*t**2 - 60*t - 13. Let a be w(-11). What is the greatest common factor of a and 324?
81
Suppose 2*m = -3*l - 12 + 225, 3*l - 15 = 0. Calculate the greatest common factor of 45 and m.
9
Suppose -22*n - 1890 = -32*n. Calculate the greatest common factor of 14 and n.
7
Suppose 0 = u + 2*y - 21, -3*y - 120 = -4*u - 25. Let j = -6 + u. Suppose o - 2*q - 62 = -0*q, o + 4*q - 80 = 0. Calculate the highest common factor of j and o.
17
Suppose -52 = -2*o + o. Let t = -34 + o. What is the greatest common factor of 2 and t?
2
Suppose 0 = -27*v + 39*v - 60. Calculate the highest common divisor of v and 40.
5
Suppose q = n - 13, -11 = -3*n + 5*q + 34. Suppose -472 = -5*u - 122. What is the highest common factor of u and n?
10
Let i = 31 + 5. Suppose -7*n = -4*n - 4*a - 36, 5*n - 2*a = 60. What is the highest common divisor of i and n?
12
Let x(s) = 31*s**2 + s + 10. Let b be x(5). Suppose -i + 466 = 5*p - 349, 5*p - 4*i - b = 0. Calculate the highest common divisor of p and 18.
18
Let r = 306 + -195. Let u = r + 41. What is the greatest common divisor of u and 19?
19
Let t(f) = f**3 - 9*f**2 - 13*f + 38. Let w be t(10). Calculate the highest common divisor of w and 16.
8
Let x(g) = -27*g + 440. Let y be x(16). What is the greatest common factor of 176 and y?
8
Let g be (0 + -1)/(2 + (-21)/9). What is the highest common divisor of g and 57?
3
Let b(x) = 85*x - 933. Let a be b(11). Let l be 4/3 - (-4)/6. Calculate the highest common divisor of l and a.
2
Let r = -695 + 767. What is the greatest common factor of r and 32?
8
Suppose -2482*a - 72 = -2494*a. What is the greatest common divisor of a and 48?
6
Suppose 6 = -2*p - 6. Let i = p + 11. Suppose -5*o - 4*k + 17 = -3, i*o + k = 20. What is the highest common factor of o and 6?
2
Suppose -9 = -2*x + 31. Suppose x = -10*w + 12*w. Calculate the greatest common divisor of w and 50